3?
1
What is the thousands digit of 5477?
5
What is the tens digit of 34190?
9
What is the thousands digit of 5714?
5
What is the hundreds digit of 1551?
5
What is the hundreds digit of 3645?
6
What is the units digit of 19433?
3
What is the hundreds digit of 458?
4
What is the units digit of 3995?
5
What is the thousands digit of 26281?
6
What is the units digit of 1230?
0
What is the thousands digit of 2360?
2
What is the thousands digit of 88138?
8
What is the units digit of 8075?
5
What is the units digit of 15567?
7
What is the units digit of 1879?
9
What is the thousands digit of 67789?
7
What is the thousands digit of 3224?
3
What is the ten thousands digit of 94569?
9
What is the hundreds digit of 966?
9
What is the hundreds digit of 663?
6
What is the thousands digit of 11501?
1
What is the tens digit of 8082?
8
What is the hundreds digit of 160596?
5
What is the tens digit of 14572?
7
What is the ten thousands digit of 25687?
2
What is the tens digit of 31?
3
What is the tens digit of 30865?
6
What is the ten thousands digit of 36901?
3
What is the units digit of 103?
3
What is the hundred thousands digit of 136666?
1
What is the units digit of 2211?
1
What is the thousands digit of 13063?
3
What is the units digit of 33443?
3
What is the ten thousands digit of 11748?
1
What is the units digit of 65?
5
What is the thousands digit of 6663?
6
What is the tens digit of 7113?
1
What is the tens digit of 2970?
7
What is the units digit of 2647?
7
What is the ten thousands digit of 16433?
1
What is the tens digit of 164?
6
What is the tens digit of 1496?
9
What is the thousands digit of 3345?
3
What is the thousands digit of 3385?
3
What is the hundreds digit of 1076?
0
What is the units digit of 181157?
7
What is the thousands digit of 41631?
1
What is the units digit of 144683?
3
What is the units digit of 86121?
1
What is the hundreds digit of 7747?
7
What is the tens digit of 12436?
3
What is the units digit of 43807?
7
What is the tens digit of 251?
5
What is the thousands digit of 8225?
8
What is the thousands digit of 1040?
1
What is the hundreds digit of 10458?
4
What is the units digit of 61754?
4
What is the units digit of 2884?
4
What is the ten thousands digit of 11660?
1
What is the tens digit of 49444?
4
What is the thousands digit of 6307?
6
What is the ten thousands digit of 66088?
6
What is the ten thousands digit of 48534?
4
What is the hundreds digit of 25065?
0
What is the hundreds digit of 670?
6
What is the hundreds digit of 19784?
7
What is the units digit of 6218?
8
What is the units digit of 1020?
0
What is the ten thousands digit of 79993?
7
What is the thousands digit of 1285?
1
What is the tens digit of 1263?
6
What is the tens digit of 96?
9
What is the tens digit of 308?
0
What is the units digit of 5791?
1
What is the hundreds digit of 2585?
5
What is the tens digit of 1691?
9
What is the thousands digit of 7435?
7
What is the thousands digit of 15076?
5
What is the thousands digit of 2507?
2
What is the tens digit of 8073?
7
What is the hundreds digit of 29791?
7
What is the hundreds digit of 414?
4
What is the thousands digit of 6022?
6
What is the units digit of 1082?
2
What is the units digit of 16387?
7
What is the units digit of 2031?
1
What is the thousands digit of 2083?
2
What is the units digit of 69?
9
What is the hundreds digit of 867?
8
What is the hundreds digit of 560?
5
What is the units digit of 2696?
6
What is the units digit of 38350?
0
What is the thousands digit of 1845?
1
What is the units digit of 3859?
9
What is the tens digit of 85454?
5
What is the hundreds digit of 59819?
8
What is the tens digit of 1264?
6
What is the tens digit of 7150?
5
What is the units digit of 10182?
2
What is the units digit of 25266?
6
What is the hundreds digit of 8740?
7
What is the units digit of 65703?
3
What is the ten thousands digit of 26163?
2
What is the tens digit of 574?
7
What is the ten thousands digit of 55849?
5
What is the units digit of 20073?
3
What is the hundreds digit of 1193?
1
What is the thousands digit of 143756?
3
What is the units digit of 770?
0
What is the thousands digit of 98591?
8
What is the tens digit of 8337?
3
What is the ten thousands digit of 12401?
1
What is the units digit of 5995?
5
What is the thousands digit of 6687?
6
What is the ten thousands digit of 18025?
1
What is the hundreds digit of 30820?
8
What is the ten thousands digit of 12750?
1
What is the units digit of 8497?
7
What is the units digit of 7662?
2
What is the tens digit of 4848?
4
What is the units digit of 460?
0
What is the tens digit of 359?
5
What is the tens digit of 247?
4
What is the units digit of 2052?
2
What is the tens digit of 57904?
0
What is the units digit of 38077?
7
What is the hundreds digit of 859?
8
What is the ten thousands digit of 27521?
2
What is the thousands digit of 8479?
8
What is the tens digit of 1986?
8
What is the tens digit of 49?
4
What is the hundreds digit of 5395?
3
What is the thousands digit of 4115?
4
What is the units digit of 1611?
1
What is the units digit of 10063?
3
What is the tens digit of 9707?
0
What is the thousands digit of 2851?
2
What is the tens digit of 41949?
4
What is the hundreds digit of 19455?
4
What is the units digit of 34841?
1
What is the tens digit of 5536?
3
What is the hundreds digit of 25602?
6
What is the units digit of 7292?
2
What is the tens digit of 3235?
3
What is the units digit of 41?
1
What is the thousands digit of 46791?
6
What is the ten thousands digit of 33299?
3
What is the ten thousands digit of 82293?
8
What is the thousands digit of 3171?
3
What is the units digit of 648?
8
What is the hundreds digit of 80116?
1
What is the units digit of 5442?
2
What is the thousands digit of 14367?
4
What is the tens digit of 3171?
7
What is the tens digit of 263?
6
What is the tens digit of 1102?
0
What is the hundreds digit of 585?
5
What is the tens digit of 27?
2
What is the thousands digit of 1100?
1
What is the units digit of 445?
5
What is the tens digit of 27054?
5
What is the ten thousands digit of 130341?
3
What is the tens digit of 2234?
3
What is the thousands digit of 40525?
0
What is the tens digit of 3278?
7
What is the ten thousands digit of 114215?
1
What is the thousands digit of 69410?
9
What is the units digit of 321?
1
What is the thousands digit of 6066?
6
What is the tens digit of 22451?
5
What is the hundreds digit of 23525?
5
What is the thousands digit of 16391?
6
What is the hundreds digit of 16973?
9
What is the ten thousands digit of 19167?
1
What is the tens digit of 2943?
4
What is the hundreds digit of 29077?
0
What is the tens digit of 1490?
9
What is the tens digit of 99278?
7
What is the thousands digit of 3272?
3
What is the tens digit of 924?
2
What is the units digit of 108834?
4
What is the tens digit of 17399?
9
What is the tens digit of 1240?
4
What is the tens digit of 970?
7
What is the tens digit of 7837?
3
What is the thousands digit of 31418?
1
What is the ten thousands digit of 84248?
8
What is the tens digit of 7063?
6
What is the tens digit of 2251?
5
What is the tens digit of 5876?
7
What is the units digit of 85233?
3
What is the tens digit of 1687?
8
What is the tens digit of 17984?
8
What is the hundreds digit of 1500?
5
What is the hundreds digit of 541?
5
What is the hundreds digit of 13195?
1
What is the thousands digit of 4224?
4
What is the units digit of 8105?
5
What is the tens digit of 35108?
0
What is the units digit of 6051?
1
What is the tens digit of 788?
8
What is the units digit of 2808?
8
What is the ten thousands digit of 16190?
1
What is the units digit of 692?
2
What is the units digit of 222?
2
What is the thousands digit of 2691?
2
What is the thousands digit of 1727?
1
What is the hundreds digit of 15375?
3
What is the tens digit of 19672?
7
What is the tens digit of 50681?
8
What is the hundreds digit of 371?
3
What is the thousands digit of 11317?
1
What is the thousands digit of 50015?
0
What is the units digit of 4834?
4
What is the tens digit of 12?
1
What is the tens digit of 10874?
7
What is the tens digit of 659?
5
What is the units digit of 531?
1
What is the hundreds digit of 11386?
3
What is the tens digit of 7965?
6
What is the units digit o